c + 68 = 64. Let k(f) = 23*f**3 - 3*f**c - 1 - 4*f - 22*f**3 + 6*f + 2. What is k(3)?
7
Let f(o) = 350*o**2 + 342*o + 56. Let m(d) = 31*d**2 + 31*d + 5. Let l(u) = 2*f(u) - 23*m(u). Determine l(-2).
3
Let g be 0/(-1) + -14 + 13. Let w be (-3 + 2 + 2)*(2 - 0). Let k(x) = 3*x + 5*x + 6 - w - 5. What is k(g)?
-9
Let b(j) = -j**3 - 34*j**2 + 6*j - 4. Let c(p) = p**3 + 43*p**2 - 7*p + 5. Let m(y) = 5*b(y) + 4*c(y). Let o = -2 + 0. Determine m(o).
12
Let q(r) = 5*r + 21. Let m(b) = b + 4. Let x(p) = 7*p + 31. Let w(v) = 3*m(v) - x(v). Let h(d) = -5*q(d) - 6*w(d). Determine h(4).
5
Let g(n) = -n**2 + 2*n + 1. Suppose 5*q + 16 = 21*q. Suppose 0 = 2*j + j - p - 5, j + q = p. Suppose -j*u - 2*u = 10. Give g(u).
-7
Let y(k) = -2*k + 1. Let a be (0 - 8)/2 - 2*-3. Suppose -4 = a*i - 4*f, 2*f + 1 = -i + 11. Suppose 9 - 21 = -i*m. What is y(m)?
-5
Suppose 0 = -v + 168 - 166. Let s(z) = 9 - 6*z**v + 9 - 3*z - 27 + 5*z**2. What is s(-5)?
-19
Let r(q) = 8*q**3 + q**2 - 2*q - 4. Let n(z) = -z**3 - 5*z**2 + 27*z + 122. Let k be n(-4). Calculate r(k).
-60
Let i(k) = -27*k - 516*k**2 - 8*k + 35 - 4*k**3 + 522*k**2 + 12*k + 3*k**3. What is i(3)?
-7
Let p(u) be the first derivative of 1/6*u**3 - 30*u + 19 - 9/2*u**2. Let y(t) be the first derivative of p(t). Give y(8).
-1
Let j = 763 + -766. Let z(b) = b**2 - b - 1. Let d(w) = -5*w**2 + 3*w + 5. Let x(p) = -2*d(p) - 9*z(p). Give x(j).
-1
Suppose z - 3 = -z - r, -2*z + 2*r + 18 = 0. Let s(t) = t**2 - 11*t - 12 + 16*t - z*t. Suppose -3*g = -2*f + 2, -6 = -3*g - 4*f - 2. Give s(g).
-12
Let j(p) = p**3 + p**2 + 5*p + 2. Let b be j(0). Let x(h) = 4*h + 741*h**b + h - 13*h - 4 - 740*h**2. What is x(9)?
5
Suppose 6 = -n + 3*h, 4*n + h = 5*h + 16. Let i(s) = 0 - s**3 + 15*s - 41*s + 18*s - 3 + 10*s**2. Calculate i(n).
6
Let s(j) = 3. Let w(v) = 0*v + 3*v - v - v + 4. Let b(g) = 3*s(g) - 2*w(g). Suppose 5*o + 3*l - 37 = 0, 4*o = -4*l + 2 + 34. Calculate b(o).
-9
Let z(v) = 2*v**3 - v**2 + 2*v - 1. Suppose -8*d - 75 = -13*d. Suppose -d + 3 = 6*r. What is z(r)?
-25
Let g(c) = 7 + c + 8 - 6 + 3 - 21. Calculate g(12).
3
Let t be 11/(-33)*-24 + -1. Let x(g) = -4*g + 21. Give x(t).
-7
Let j(n) = 8*n**2 - 38*n - 11. Let g(a) = -4*a**2 + 20*a + 5. Let m(y) = 5*g(y) + 2*j(y). Give m(7).
-25
Let v(g) = 0*g - 2*g + 3*g - 3. Let m = -48 - -48. Let x(q) = -4*q**2 + 2*q + 3. Let n be x(m). Calculate v(n).
0
Suppose 5*s + 2*k = 174, -4*s + 0*k + 129 = 5*k. Let y = 38 - s. Let i(w) = -3*w - 5*w + y*w + 0*w - 1. Give i(-2).
11
Suppose 2*f + f = -3*r + 21, -3*f + 19 = 2*r. Let k(i) be the first derivative of 11 - 2*i + 3*i**r + 1/3*i**3. Give k(-5).
-7
Let n(t) = 7*t**3 - 2*t**2 - 7*t - 19. Let a(f) = 40*f**3 - 13*f**2 - 43*f - 113. Let x(v) = 3*a(v) - 17*n(v). Calculate x(7).
12
Let y(a) = a**2 - 9*a + 10. Let q(t) = t**3 + 10*t**2 + 45*t + 131. Let x be q(-6). Calculate y(x).
-10
Let v(m) = 44*m + 307. Let k be v(-7). Let c(x) = -30*x - 3. Give c(k).
27
Let v(p) = -p**3 - 15*p**2 + 33*p - 10. Let m be v(-17). Let j(r) = -r**3 + 7*r**2 - 6. Let a be j(m). Let o(w) = w - 4 - 2 + 2. Calculate o(a).
-10
Let m(o) = -28*o - 20. Let j(f) = -5*f + 1. Let p(n) = -20*j(n) + 4*m(n). What is p(-5)?
-40
Let w(r) = -1 - 194*r - 3*r**2 - r**3 + 2 + 193*r. Let f(n) = -n**2 + 13*n + 5. Let j be f(13). Suppose -8 = 2*p + h - j, -2*h = p. Determine w(p).
-1
Let n(g) = -13*g**3 - 28*g**2 - 10*g + 147. Let k(j) = 21*j**3 + 42*j**2 + 15*j - 221. Let x(d) = 5*k(d) + 8*n(d). Calculate x(14).
1
Let a(z) = 4*z**3 + z + 3. Let c(b) = 11*b**3 - 4*b**2 + 5*b + 14. Let w(f) = 3*a(f) - c(f). Calculate w(-3).
10
Let n(w) = w**2 + w - 1. Let a(l) be the second derivative of l**4/3 + l**3/3 - 2*l**2 + 77*l. Let b(u) = 2*a(u) - 7*n(u). Determine b(4).
3
Let z(h) = -2028 + 2*h - 2014 + 4044. Suppose -8 = -2*m + 3*n, -5*m = -5*n - 13 - 7. Suppose 4 = -4*x - 4*o, 0 = -3*x - m*o + 3*o - 9. Determine z(x).
-6
Suppose -662 - 58 = -10*f. Let d be (-11)/55 + f/10. Let c(k) = k**3 - 8*k**2 + 5*k - 2. Give c(d).
-16
Suppose 13*v = 8*v - 900. Let n be (-3 + (-34)/(-10))/((-3)/v). Let y(h) = 12*h - 5*h**2 - n*h - h**3 + 10*h + 3. Calculate y(-4).
-5
Let g(n) = -n**3 - 8*n**2 - 14*n - 4. Let s = -6459 - -6453. Give g(s).
8
Let c = -5643 + 5638. Let y(r) = -r**3 - 5*r**2 - 7*r + 1. Give y(c).
36
Suppose -3*y + 54 = 4*w, 2*y - 2*w = 4*y - 36. Suppose 2*q + y = 5*q. Let z(u) = q*u - 7*u + 2*u + 3. Calculate z(-8).
-5
Let k(l) = l**2. Let v(r) = -r**3 - 2*r**2 + 8*r - 2. Let x(s) = -2*k(s) + v(s). Let d be (16 + 343)*3/9*3. Let p = d - 365. Calculate x(p).
22
Suppose 54*u = 59*u - 1315. Let m = u + -270. Let s(a) = 5*a + 8. What is s(m)?
-27
Let o(x) = -x**3 - 9*x**2 + 12*x + 8. Let s(q) = 23*q**2 + 370*q + 22. Let a be s(-16). Give o(a).
-12
Let y(c) = -c + 3. Let m(f) = 2*f + 22. Let s(p) = 2*p + 17. Let g(i) = 4*m(i) - 5*s(i). Let a(d) = 2*g(d) - 3*y(d). Determine a(0).
-3
Let n(j) = -3*j**2 + 3*j - 3. Let s(f) = f**2 - 13*f - 298. Let l be s(25). Give n(l).
-9
Suppose 0*n = -2*n + 2*p + 14, -15 = -3*n + 5*p. Let g(d) = d**3 - 11*d**2 + 6*d + 32. Calculate g(n).
-8
Suppose -2*f - 6 + 0 = 0. Let w(h) be the first derivative of h**4/4 + 4*h**3/3 + 5*h**2/2 - 3*h - 96. Calculate w(f).
-9
Let b(c) be the second derivative of -c**5/60 - 5*c**4/24 - 5*c**3/3 - 33*c**2/2 + 4*c - 3. Let j(x) be the first derivative of b(x). Determine j(-7).
-24
Let t(d) be the third derivative of 19*d**4/24 - d**2. Suppose 0*i + 496 = 5*a - i, -4*a - 5*i + 391 = 0. Suppose -a = 24*s - 75. Give t(s).
-19
Suppose x + 336 = -15*x - 26*x. Let q(t) = 2*t + 7 - 4*t + 5*t. What is q(x)?
-17
Let f(i) = 2*i**2 - 11*i - 1. Let k be f(6). Let v(t) = k - 59*t + 17*t + 50*t - 2*t**2. Determine v(6).
-19
Suppose -2*c = -3*z - 7*c + 25, -5*c = 5*z - 35. Let v(g) = g**2 - z + 74*g - 37*g - 46*g. What is v(9)?
-5
Let k(n) be the second derivative of -7/6*n**3 + 4*n + 1/12*n**4 + 44 - 9/2*n**2. Determine k(8).
-1
Suppose 589*a - 1154*a - 44 = -587*a. Let o(t) be the first derivative of t**4/2 - t**3/3 - t**2/2 - 4*t - 1. Give o(a).
6
Suppose 35 = 5*a - 9*r + 6*r, 0 = -a - 5*r + 35. Let s(q) = 3*q**2 - 30*q + 13. What is s(a)?
13
Let u = -2223 - -2220. Let v(k) be the second derivative of k**4/12 + 2*k**2 - 2*k. What is v(u)?
13
Let y(p) = -1254*p**2 + 1253*p**2 + p**3 - 15 + 12 + 8. Calculate y(4).
53
Let z(f) = -6*f**3 + f**2 + 137*f + 12. Let n(v) = 13*v**3 - v**2 - 308*v - 25. Let m(a) = -4*n(a) - 9*z(a). Calculate m(4).
36
Let u(p) = 69358*p + 2 + 0 + 1 - 69279*p - 4*p**2. What is u(20)?
-17
Let d(g) = g**2 + 16*g - 7. Suppose -40 = 2*v + 144*i - 146*i, 40 = 5*i. Give d(v).
-55
Let b(w) = w**3 + 4*w**2 - 2*w - 3. Suppose -4*a = 4*a + 96. Let l = -21 - -12. Let x be -3 + -3*(a/l)/4. Calculate b(x).
5
Let d(h) = 52*h - 167. Let o(n) = -13*n + 40. Let m(p) = -3*d(p) - 13*o(p). Give m(1).
-6
Let c(q) = -9*q - 47. Let a be c(-5). Let j(d) be the first derivative of -d**4/2 - 4*d**3/3 - d**2/2 + 2*d - 29. Calculate j(a).
4
Let j(w) = 14*w**2 - 38*w + 18. Let g(c) = -31*c**2 + 75*c - 41. Let h(a) = -3*g(a) - 7*j(a). Determine h(8).
5
Let i(m) be the second derivative of -m**2 - 44*m - 1/20*m**5 + 0 - 5/6*m**3 - 2/3*m**4. Give i(-7).
-16
Let y(f) = -4*f - 1. Let q = 204 - 213. Let w be (-15)/20 + q/36. What is y(w)?
3
Let c(j) = j**2 - 5*j - 3. Let g = -62 - -53. Let o be g + 7 - 90*-1. Let u = o + -91. Calculate c(u).
21
Let u(l) be the first derivative of l**4/4 + 17*l**3/3 - 3*l**2/2 - 39*l - 1706. Give u(-17).
12
Let o(w) be the third derivative of -w**6/30 + w**5/60 + w**4/12 + 2*w**3/3 - 1802*w**2. Calculate o(3).
-89
Suppose -2*i - 2*i - 5*n = 20, 4*i + 20 = 2*n. Let j(s) be the first derivative of -s**4/4 - 5*s**3/3 - s**2 - 1044. Determine j(i).
10
Let o(v) = 2 + 6 + 2 - 6 - 4*v. Let h(c) = 7*c**2 - 1. Let i be h(-2). Let n = i + -32. Give o(n).
24
Let l(z) = z**2 + 2. Let s be (1 - (-1)/(-2))/((-4)/216). Let n = 29 + s. Suppose n*k + t = 8, k + 3*k - 5*t - 2 = 0. What is l(k)?
11
Let t = 3531 - 3520. Let g(d) be the first derivative of -1/3*d**3 + 3/2*d**2 + 4*d + t. Give g(-3).
-14
Suppose 3*b + 3 = t, 5*t + 30 - 45 = -b. Let r(i) = 363*i - 2*i**2 + 18*i**2 - 362*i - t + 4 + i**2. Let u(h) = h**2 + 4*h + 3. Let d be u(-2). Give r(d).
17
Let s(x) = -9*x**2 + x + 1. Let a be ((2 + -3)*5)/(1/(-2)). Suppose 6 = a*t - 24. Su